{"id":562,"date":"2025-05-13T13:48:30","date_gmt":"2025-05-13T13:48:30","guid":{"rendered":"https:\/\/xn--altnelleryresel-itb90h.com\/?post_type=product&#038;p=562"},"modified":"2025-05-13T13:48:31","modified_gmt":"2025-05-13T13:48:31","slug":"ev-yapimi-siyah-pul-biber","status":"publish","type":"product","link":"https:\/\/xn--altnelleryresel-itb90h.com\/?product=ev-yapimi-siyah-pul-biber","title":{"rendered":"Ev Yap\u0131m\u0131 Siyah Pul Biber"},"content":{"rendered":"<p class=\"\" data-start=\"147\" data-end=\"600\">\u015eanl\u0131urfa\u2019n\u0131n s\u0131cak g\u00fcne\u015fi alt\u0131nda yeti\u015fen k\u0131rm\u0131z\u0131 biberler, tamamen do\u011fal y\u00f6ntemlerle kurutulur, katk\u0131 maddesi ve koruyucu kullan\u0131lmadan ta\u015f de\u011firmende \u00f6\u011f\u00fct\u00fclerek haz\u0131rlan\u0131r.<br data-start=\"322\" data-end=\"325\" \/>Alt\u0131nellery\u00f6resel\u2019in gururla sundu\u011fu bu %100 do\u011fal pul biber, y\u00f6resel lezzet arayanlar\u0131n vazge\u00e7ilmezi olacak. Rengiyle g\u00f6z al\u0131r, kokusuyla cezbedici, tad\u0131yla sofralara hayat verir.<br data-start=\"505\" data-end=\"508\" \/><strong data-start=\"508\" data-end=\"527\">Ac\u0131l\u0131\u011f\u0131 dengeli<\/strong>, kahvalt\u0131l\u0131klardan ana yemeklere kadar her tarifte g\u00fcvenle kullan\u0131l\u0131r.<\/p>\n<h3 data-start=\"602\" data-end=\"680\">\ud83c\udf43 \u015eanl\u0131urfa\u2019n\u0131n bereketiyle harmanlanm\u0131\u015f ger\u00e7ek ev yap\u0131m\u0131 lezzeti ke\u015ffedin!<\/p>\n<p><strong>%100 Ev Yap\u0131m\u0131d\u0131r..<\/strong><\/h3>\n","protected":false},"excerpt":{"rendered":"<p>\u015eanl\u0131urfa\u2019n\u0131n s\u0131cak g\u00fcne\u015fi alt\u0131nda yeti\u015fen k\u0131rm\u0131z\u0131 biberler, tamamen do\u011fal y\u00f6ntemlerle kurutulur, katk\u0131 maddesi ve koruyucu kullan\u0131lmadan ta\u015f de\u011firmende \u00f6\u011f\u00fct\u00fclerek haz\u0131rlan\u0131r.<br data-start=\"322\" data-end=\"325\" \/>Alt\u0131nellery\u00f6resel\u2019in gururla sundu\u011fu bu %100 do\u011fal pul biber, y\u00f6resel lezzet arayanlar\u0131n vazge\u00e7ilmezi olacak. Rengiyle g\u00f6z al\u0131r, kokusuyla cezbedici, tad\u0131yla sofralara hayat verir.<br data-start=\"505\" data-end=\"508\" \/><strong data-start=\"508\" data-end=\"527\">Ac\u0131l\u0131\u011f\u0131 dengeli<\/strong>, kahvalt\u0131l\u0131klardan ana yemeklere kadar her tarifte g\u00fcvenle kullan\u0131l\u0131r.<\/p>\n","protected":false},"featured_media":567,"comment_status":"open","ping_status":"closed","template":"","meta":[],"product_brand":[42],"product_cat":[34],"product_tag":[50,46,45,51],"class_list":{"0":"post-562","1":"product","2":"type-product","3":"status-publish","4":"has-post-thumbnail","6":"product_brand-altinelleryoresel","7":"product_cat-pul-biber","8":"product_tag-aci-isot","9":"product_tag-isot","10":"product_tag-pul-biber","11":"product_tag-urfa-isot","13":"first","14":"instock","15":"taxable","16":"shipping-taxable","17":"purchasable","18":"product-type-variable"},"_links":{"self":[{"href":"https:\/\/xn--altnelleryresel-itb90h.com\/index.php?rest_route=\/wp\/v2\/product\/562","targetHints":{"allow":["GET"]}}],"collection":[{"href":"https:\/\/xn--altnelleryresel-itb90h.com\/index.php?rest_route=\/wp\/v2\/product"}],"about":[{"href":"https:\/\/xn--altnelleryresel-itb90h.com\/index.php?rest_route=\/wp\/v2\/types\/product"}],"replies":[{"embeddable":true,"href":"https:\/\/xn--altnelleryresel-itb90h.com\/index.php?rest_route=%2Fwp%2Fv2%2Fcomments&post=562"}],"wp:featuredmedia":[{"embeddable":true,"href":"https:\/\/xn--altnelleryresel-itb90h.com\/index.php?rest_route=\/wp\/v2\/media\/567"}],"wp:attachment":[{"href":"https:\/\/xn--altnelleryresel-itb90h.com\/index.php?rest_route=%2Fwp%2Fv2%2Fmedia&parent=562"}],"wp:term":[{"taxonomy":"product_brand","embeddable":true,"href":"https:\/\/xn--altnelleryresel-itb90h.com\/index.php?rest_route=%2Fwp%2Fv2%2Fproduct_brand&post=562"},{"taxonomy":"product_cat","embeddable":true,"href":"https:\/\/xn--altnelleryresel-itb90h.com\/index.php?rest_route=%2Fwp%2Fv2%2Fproduct_cat&post=562"},{"taxonomy":"product_tag","embeddable":true,"href":"https:\/\/xn--altnelleryresel-itb90h.com\/index.php?rest_route=%2Fwp%2Fv2%2Fproduct_tag&post=562"}],"curies":[{"name":"wp","href":"https:\/\/api.w.org\/{rel}","templated":true}]}}